{"id":188,"date":"2020-01-19T19:17:38","date_gmt":"2020-01-19T18:17:38","guid":{"rendered":"https:\/\/ffstkind.at\/?page_id=188"},"modified":"2020-01-19T19:17:38","modified_gmt":"2020-01-19T18:17:38","slug":"haftungserklaerung","status":"publish","type":"page","link":"https:\/\/ffstkind.at\/?page_id=188","title":{"rendered":"Haftungserkl\u00e4rung"},"content":{"rendered":"\n<p><strong>1. Inhalt des Onlineangebotes<\/strong><br>Der\n Herausgeber \u00fcbernimmt keinerlei Gew\u00e4hr f\u00fcr die Aktualit\u00e4t, Korrektheit,\n Vollst\u00e4ndigkeit oder Qualit\u00e4t der bereitgestellten Informationen. \nHaftungsanspr\u00fcche gegen den Herausgeber, welche sich auf Sch\u00e4den \nmaterieller oder ideeller Art beziehen, die durch die Nutzung oder \nNichtnutzung der dargebotenen Informationen bzw. durch die Nutzung \nfehlerhafter und unvollst\u00e4ndiger Informationen verursacht wurden, sind \ngrunds\u00e4tzlich ausgeschlossen.<br> Alle Angebote sind freibleibend und \nunverbindlich. Der Herausgeber beh\u00e4lt es sich ausdr\u00fccklich vor, Teile \nder Seiten oder das gesamte Angebot ohne gesonderte Ank\u00fcndigung zu \nver\u00e4ndern, zu erg\u00e4nzen, zu l\u00f6schen oder die Ver\u00f6ffentlichung zeitweise \noder endg\u00fcltig einzustellen.<br><br><strong> 2. Verweise und Links<\/strong><br>\n Die auf der Internetseite bestehenden Links (Verweise) auf fremde \nInternetseiten liegen au\u00dferhalb des Verantwortungsbereiches des \nHerausgebers. Deshalb ist jede Haftung f\u00fcr die Inhalte von verlinkten \nSeiten ausgeschlossen. <br> Der Herausgeber erkl\u00e4rt ausdr\u00fccklich, dass \nzum Zeitpunkt der Linksetzung keine illegalen Inhalte auf den zu \nverlinkenden Seiten erkennbar waren. Auf die aktuelle und zuk\u00fcnftige \nGestaltung, die Inhalte oder die Urheberschaft der \nverlinkten\/verkn\u00fcpften Seiten hat der Herausgeber keinerlei Einfluss. \nDeshalb distanziert er sich hiermit ausdr\u00fccklich von allen Inhalten \naller verlinkten \/verkn\u00fcpften Seiten, die nach der Linksetzung ver\u00e4ndert\n wurden. Diese Feststellung gilt f\u00fcr alle innerhalb des eigenen \nInternetangebotes gesetzten Links und Verweise,&nbsp;Linkverzeichnissen, \nMailinglisten und in allen anderen Formen von Datenbanken, auf deren \nInhalt externe Schreibzugriffe m\u00f6glich sind. F\u00fcr &nbsp;illegale, fehlerhafte \noder unvollst\u00e4ndige Inhalte und insbesondere f\u00fcr Sch\u00e4den, die aus der \nNutzung oder Nichtnutzung solcherart dargebotener Informationen \nentstehen, haftet allein der Anbieter der Seite, auf welche verwiesen \nwurde, nicht derjenige, der \u00fcber Links auf die jeweilige \nVer\u00f6ffentlichung lediglich verweist.<br><br><strong>3. Urheber- und Kennzeichenrecht<\/strong><br>\n Der Herausgeber ist bestrebt, in allen Publikationen die Urheberrechte \nder verwendeten Bilder, Grafiken, Tondokumente, Videosequenzen und Texte\n zu beachten, von ihm selbst erstellte Bilder, Grafiken, Tondokumente, \nVideosequenzen und Texte zu nutzen oder auf lizenzfreie Grafiken, \nTondokumente, Videosequenzen und Texte zur\u00fcckzugreifen.<br> Alle \ninnerhalb des Internetangebotes genannten und ggf. durch Dritte \ngesch\u00fctzten Marken- und Warenzeichen unterliegen uneingeschr\u00e4nkt den \nBestimmungen des jeweils g\u00fcltigen Kennzeichenrechts und den \nBesitzrechten der jeweiligen eingetragenen Eigent\u00fcmer. Allein aufgrund \nder blo\u00dfen Nennung ist nicht der Schluss zu ziehen, dass Markenzeichen \nnicht durch Rechte Dritter gesch\u00fctzt sind!<br> Das Copyright f\u00fcr \nver\u00f6ffentlichte, vom Herausgeber selbst erstellte Objekte bleibt allein \nbeim Herausgeber der Seiten. Eine Vervielf\u00e4ltigung oder Verwendung \nsolcher Grafiken, Tondokumente, Videosequenzen und Texte in anderen \nelektronischen oder gedruckten Publikationen ist ohne ausdr\u00fcckliche \nZustimmung des Herausgebers nicht gestattet.<br><br><strong>4. Datenschutz<\/strong><br>\n Die Nutzung der im Rahmen des Impressums oder vergleichbarer Angaben \nver\u00f6ffentlichten Kontaktdaten wie Postanschriften, Telefon- und \nFaxnummern sowie Emailadressen durch Dritte zur \u00dcbersendung von nicht \nausdr\u00fccklich angeforderten Informationen ist nicht gestattet. Rechtliche\n Schritte gegen die Versender von sogenannten Spam-Mails bei Verst\u00f6\u00dfen \ngegen dieses Verbot sind ausdr\u00fccklich vorbehalten. <br> siehe auch<a href=\"http:\/\/www.feuerwehr-oberaich.at\/index.php\/datenschutz\" target=\"_blank\" rel=\"noreferrer noopener\"> Datenschutzerkl\u00e4rung<\/a><br><br><strong>5. Rechtswirksamkeit dieses Haftungsausschlusses<\/strong><br>\n Dieser Haftungsausschluss ist als Teil des Internetangebotes zu \nbetrachten, von dem aus auf diese Seite verwiesen wurde. Sofern Teile \noder einzelne Formulierungen dieses Textes der geltenden Rechtslage \nnicht, nicht mehr &nbsp;oder nicht vollst\u00e4ndig entsprechen sollten, bleiben \ndie \u00fcbrigen Teile &nbsp;des Dokumentes in ihrem Inhalt und ihrer G\u00fcltigkeit \ndavon unber\u00fchrt.\n\n<\/p>\n","protected":false},"excerpt":{"rendered":"<p>1. Inhalt des OnlineangebotesDer Herausgeber \u00fcbernimmt keinerlei Gew\u00e4hr f\u00fcr die Aktualit\u00e4t, Korrektheit, Vollst\u00e4ndigkeit oder Qualit\u00e4t der bereitgestellten Informationen. Haftungsanspr\u00fcche gegen den Herausgeber, welche sich auf Sch\u00e4den materieller oder ideeller Art beziehen, die durch die Nutzung oder Nichtnutzung der dargebotenen Informationen bzw. durch die Nutzung fehlerhafter und unvollst\u00e4ndiger Informationen verursacht wurden, sind grunds\u00e4tzlich ausgeschlossen. Alle Angebote [&hellip;]<\/p>\n","protected":false},"author":2,"featured_media":0,"parent":0,"menu_order":0,"comment_status":"closed","ping_status":"closed","template":"","meta":[],"yoast_head":"<!-- This site is optimized with the Yoast SEO plugin v18.2 - https:\/\/yoast.com\/wordpress\/plugins\/seo\/ -->\n<title>Haftungserkl\u00e4rung - FF St. Kind<\/title>\n<meta name=\"robots\" content=\"index, follow, max-snippet:-1, max-image-preview:large, max-video-preview:-1\" \/>\n<link rel=\"canonical\" href=\"https:\/\/ffstkind.at\/?page_id=188\" \/>\n<meta property=\"og:locale\" content=\"de_DE\" \/>\n<meta property=\"og:type\" content=\"article\" \/>\n<meta property=\"og:title\" content=\"Haftungserkl\u00e4rung - FF St. Kind\" \/>\n<meta property=\"og:description\" content=\"1. Inhalt des OnlineangebotesDer Herausgeber \u00fcbernimmt keinerlei Gew\u00e4hr f\u00fcr die Aktualit\u00e4t, Korrektheit, Vollst\u00e4ndigkeit oder Qualit\u00e4t der bereitgestellten Informationen. Haftungsanspr\u00fcche gegen den Herausgeber, welche sich auf Sch\u00e4den materieller oder ideeller Art beziehen, die durch die Nutzung oder Nichtnutzung der dargebotenen Informationen bzw. durch die Nutzung fehlerhafter und unvollst\u00e4ndiger Informationen verursacht wurden, sind grunds\u00e4tzlich ausgeschlossen. Alle Angebote [&hellip;]\" \/>\n<meta property=\"og:url\" content=\"https:\/\/ffstkind.at\/?page_id=188\" \/>\n<meta property=\"og:site_name\" content=\"FF St. Kind\" \/>\n<meta name=\"twitter:card\" content=\"summary_large_image\" \/>\n<meta name=\"twitter:label1\" content=\"Gesch\u00e4tzte Lesezeit\" \/>\n\t<meta name=\"twitter:data1\" content=\"3\u00a0Minuten\" \/>\n<script type=\"application\/ld+json\" class=\"yoast-schema-graph\">{\"@context\":\"https:\/\/schema.org\",\"@graph\":[{\"@type\":\"WebSite\",\"@id\":\"https:\/\/ffstkind.at\/#website\",\"url\":\"https:\/\/ffstkind.at\/\",\"name\":\"FF St. Kind\",\"description\":\"Website der FF St. Kind\",\"potentialAction\":[{\"@type\":\"SearchAction\",\"target\":{\"@type\":\"EntryPoint\",\"urlTemplate\":\"https:\/\/ffstkind.at\/?s={search_term_string}\"},\"query-input\":\"required name=search_term_string\"}],\"inLanguage\":\"de\"},{\"@type\":\"WebPage\",\"@id\":\"https:\/\/ffstkind.at\/?page_id=188#webpage\",\"url\":\"https:\/\/ffstkind.at\/?page_id=188\",\"name\":\"Haftungserkl\u00e4rung - FF St. Kind\",\"isPartOf\":{\"@id\":\"https:\/\/ffstkind.at\/#website\"},\"datePublished\":\"2020-01-19T18:17:38+00:00\",\"dateModified\":\"2020-01-19T18:17:38+00:00\",\"breadcrumb\":{\"@id\":\"https:\/\/ffstkind.at\/?page_id=188#breadcrumb\"},\"inLanguage\":\"de\",\"potentialAction\":[{\"@type\":\"ReadAction\",\"target\":[\"https:\/\/ffstkind.at\/?page_id=188\"]}]},{\"@type\":\"BreadcrumbList\",\"@id\":\"https:\/\/ffstkind.at\/?page_id=188#breadcrumb\",\"itemListElement\":[{\"@type\":\"ListItem\",\"position\":1,\"name\":\"Startseite\",\"item\":\"https:\/\/ffstkind.at\/\"},{\"@type\":\"ListItem\",\"position\":2,\"name\":\"Haftungserkl\u00e4rung\"}]}]}<\/script>\n<!-- \/ Yoast SEO plugin. -->","yoast_head_json":{"title":"Haftungserkl\u00e4rung - FF St. Kind","robots":{"index":"index","follow":"follow","max-snippet":"max-snippet:-1","max-image-preview":"max-image-preview:large","max-video-preview":"max-video-preview:-1"},"canonical":"https:\/\/ffstkind.at\/?page_id=188","og_locale":"de_DE","og_type":"article","og_title":"Haftungserkl\u00e4rung - FF St. Kind","og_description":"1. Inhalt des OnlineangebotesDer Herausgeber \u00fcbernimmt keinerlei Gew\u00e4hr f\u00fcr die Aktualit\u00e4t, Korrektheit, Vollst\u00e4ndigkeit oder Qualit\u00e4t der bereitgestellten Informationen. Haftungsanspr\u00fcche gegen den Herausgeber, welche sich auf Sch\u00e4den materieller oder ideeller Art beziehen, die durch die Nutzung oder Nichtnutzung der dargebotenen Informationen bzw. durch die Nutzung fehlerhafter und unvollst\u00e4ndiger Informationen verursacht wurden, sind grunds\u00e4tzlich ausgeschlossen. Alle Angebote [&hellip;]","og_url":"https:\/\/ffstkind.at\/?page_id=188","og_site_name":"FF St. Kind","twitter_card":"summary_large_image","twitter_misc":{"Gesch\u00e4tzte Lesezeit":"3\u00a0Minuten"},"schema":{"@context":"https:\/\/schema.org","@graph":[{"@type":"WebSite","@id":"https:\/\/ffstkind.at\/#website","url":"https:\/\/ffstkind.at\/","name":"FF St. Kind","description":"Website der FF St. Kind","potentialAction":[{"@type":"SearchAction","target":{"@type":"EntryPoint","urlTemplate":"https:\/\/ffstkind.at\/?s={search_term_string}"},"query-input":"required name=search_term_string"}],"inLanguage":"de"},{"@type":"WebPage","@id":"https:\/\/ffstkind.at\/?page_id=188#webpage","url":"https:\/\/ffstkind.at\/?page_id=188","name":"Haftungserkl\u00e4rung - FF St. Kind","isPartOf":{"@id":"https:\/\/ffstkind.at\/#website"},"datePublished":"2020-01-19T18:17:38+00:00","dateModified":"2020-01-19T18:17:38+00:00","breadcrumb":{"@id":"https:\/\/ffstkind.at\/?page_id=188#breadcrumb"},"inLanguage":"de","potentialAction":[{"@type":"ReadAction","target":["https:\/\/ffstkind.at\/?page_id=188"]}]},{"@type":"BreadcrumbList","@id":"https:\/\/ffstkind.at\/?page_id=188#breadcrumb","itemListElement":[{"@type":"ListItem","position":1,"name":"Startseite","item":"https:\/\/ffstkind.at\/"},{"@type":"ListItem","position":2,"name":"Haftungserkl\u00e4rung"}]}]}},"acf":[],"_links":{"self":[{"href":"https:\/\/ffstkind.at\/index.php?rest_route=\/wp\/v2\/pages\/188"}],"collection":[{"href":"https:\/\/ffstkind.at\/index.php?rest_route=\/wp\/v2\/pages"}],"about":[{"href":"https:\/\/ffstkind.at\/index.php?rest_route=\/wp\/v2\/types\/page"}],"author":[{"embeddable":true,"href":"https:\/\/ffstkind.at\/index.php?rest_route=\/wp\/v2\/users\/2"}],"replies":[{"embeddable":true,"href":"https:\/\/ffstkind.at\/index.php?rest_route=%2Fwp%2Fv2%2Fcomments&post=188"}],"version-history":[{"count":1,"href":"https:\/\/ffstkind.at\/index.php?rest_route=\/wp\/v2\/pages\/188\/revisions"}],"predecessor-version":[{"id":189,"href":"https:\/\/ffstkind.at\/index.php?rest_route=\/wp\/v2\/pages\/188\/revisions\/189"}],"wp:attachment":[{"href":"https:\/\/ffstkind.at\/index.php?rest_route=%2Fwp%2Fv2%2Fmedia&parent=188"}],"curies":[{"name":"wp","href":"https:\/\/api.w.org\/{rel}","templated":true}]}}